{"id":13,"date":"2020-01-12T18:32:45","date_gmt":"2020-01-12T17:32:45","guid":{"rendered":"https:\/\/www.coeurlumiere.fr\/wordpress\/?page_id=13"},"modified":"2026-01-11T12:44:41","modified_gmt":"2026-01-11T11:44:41","slug":"lightn-gospel","status":"publish","type":"page","link":"https:\/\/www.coeurlumiere.fr\/wordpress\/lightn-gospel\/","title":{"rendered":"Light&rsquo;n Gospel"},"content":{"rendered":"\n<p class=\"has-text-align-center has-medium-font-size\"><strong>Light&rsquo;n Gospel est tout simplement g\u00e9nial !<\/strong><\/p>\n\n\n\n<p class=\"has-text-align-center\">Venez chanter de tout  coeur avec notre cheffe de choeur,Isabelle Gilles -Caille.<\/p>\n\n\n\n<p class=\"has-text-align-center\">Venez vous offrir un moment de d\u00e9tente et de joie<\/p>\n\n\n\n<p class=\"has-text-align-center\">Les r\u00e9p\u00e9titions sont le jeudi de 19h \u00e0 20h30 \u00e0 la salle Madeleine Sologne,rue Max Hymans \u00e0 Ch\u00e2teauroux<br><\/p>\n\n\n\n<figure class=\"wp-block-image size-large is-resized\"><img loading=\"lazy\" decoding=\"async\" width=\"614\" height=\"1024\" src=\"https:\/\/www.coeurlumiere.fr\/wordpress\/wp-content\/uploads\/2026\/01\/Isabelle-614x1024.jpeg\" alt=\"\" class=\"wp-image-1047\" style=\"width:566px;height:auto\" srcset=\"https:\/\/www.coeurlumiere.fr\/wordpress\/wp-content\/uploads\/2026\/01\/Isabelle-614x1024.jpeg 614w, https:\/\/www.coeurlumiere.fr\/wordpress\/wp-content\/uploads\/2026\/01\/Isabelle-180x300.jpeg 180w, https:\/\/www.coeurlumiere.fr\/wordpress\/wp-content\/uploads\/2026\/01\/Isabelle-768x1281.jpeg 768w, https:\/\/www.coeurlumiere.fr\/wordpress\/wp-content\/uploads\/2026\/01\/Isabelle-921x1536.jpeg 921w, https:\/\/www.coeurlumiere.fr\/wordpress\/wp-content\/uploads\/2026\/01\/Isabelle.jpeg 1228w\" sizes=\"(max-width: 614px) 100vw, 614px\" \/><\/figure>\n\n\n\n<p><\/p>\n\n\n\n<div class=\"wp-block-image\"><figure class=\"aligncenter size-large is-resized\"><img loading=\"lazy\" decoding=\"async\" src=\"https:\/\/www.coeurlumiere.fr\/wordpress\/wp-content\/uploads\/2020\/01\/facebook-logo.jpg\" alt=\"\" class=\"wp-image-166\" style=\"vertical-align:middle;margin-right:20px;\" width=\"45\" height=\"45\" srcset=\"https:\/\/www.coeurlumiere.fr\/wordpress\/wp-content\/uploads\/2020\/01\/facebook-logo.jpg 380w, https:\/\/www.coeurlumiere.fr\/wordpress\/wp-content\/uploads\/2020\/01\/facebook-logo-300x300.jpg 300w, https:\/\/www.coeurlumiere.fr\/wordpress\/wp-content\/uploads\/2020\/01\/facebook-logo-150x150.jpg 150w, https:\/\/www.coeurlumiere.fr\/wordpress\/wp-content\/uploads\/2020\/01\/facebook-logo-230x230.jpg 230w, https:\/\/www.coeurlumiere.fr\/wordpress\/wp-content\/uploads\/2020\/01\/facebook-logo-365x365.jpg 365w\" sizes=\"(max-width: 45px) 100vw, 45px\" \/><a rel=\"noreferrer noopener\" aria-label=\"Page Facebook Light's Gospel (s\u2019ouvre dans un nouvel onglet)\" href=\"https:\/\/www.facebook.com\/lightn-gospel-307050466482140\" target=\"_blank\">Visitez notre page Facebook Light&rsquo;s Gospel<\/a><\/figure><\/div>\n\n\n\n<div style=\"height:50px\" aria-hidden=\"true\" class=\"wp-block-spacer\"><\/div>\n\n\n\n<h2 class=\"has-text-align-center\" style=\"background-color:#84c1ff; border-radius:15px;padding: 5px 10px; text-align:center; color: #FFF; font-weight: bold;\"> Prochains \u00e9v\u00e9nements de<br>Light&rsquo;n Gospel<\/h2>\n\n\n\n<p class=\"has-text-align-center\"> <div class=\"mec-wrap mec-skin-carousel-container  \" id=\"mec_skin_864\">\r\n        <div class=\"mec-skin-carousel-events-container\" id=\"mec_skin_events_864\">\r\n        Pas d&#039;\u00e9v\u00e9nement actuellement programm\u00e9.    <\/div>\r\n    <\/div> <\/p>\n","protected":false},"excerpt":{"rendered":"<p>Light&rsquo;n Gospel est tout simplement g\u00e9nial ! Venez chanter de tout coeur avec notre cheffe de choeur,Isabelle Gilles -Caille. Venez vous offrir un moment de d\u00e9tente et de joie Les r\u00e9p\u00e9titions sont le jeudi de 19h \u00e0 20h30 \u00e0 la salle Madeleine Sologne,rue Max Hymans \u00e0 Ch\u00e2teauroux Visitez notre page Facebook Light&rsquo;s Gospel Prochains \u00e9v\u00e9nements &hellip; <\/p>\n<p class=\"link-more\"><a href=\"https:\/\/www.coeurlumiere.fr\/wordpress\/lightn-gospel\/\" class=\"more-link\">Continuer la lecture<span class=\"screen-reader-text\"> de &laquo;&nbsp;Light&rsquo;n Gospel&nbsp;&raquo;<\/span><\/a><\/p>\n","protected":false},"author":2,"featured_media":0,"parent":0,"menu_order":0,"comment_status":"closed","ping_status":"closed","template":"","meta":{"footnotes":""},"class_list":["post-13","page","type-page","status-publish","hentry"],"_links":{"self":[{"href":"https:\/\/www.coeurlumiere.fr\/wordpress\/wp-json\/wp\/v2\/pages\/13"}],"collection":[{"href":"https:\/\/www.coeurlumiere.fr\/wordpress\/wp-json\/wp\/v2\/pages"}],"about":[{"href":"https:\/\/www.coeurlumiere.fr\/wordpress\/wp-json\/wp\/v2\/types\/page"}],"author":[{"embeddable":true,"href":"https:\/\/www.coeurlumiere.fr\/wordpress\/wp-json\/wp\/v2\/users\/2"}],"replies":[{"embeddable":true,"href":"https:\/\/www.coeurlumiere.fr\/wordpress\/wp-json\/wp\/v2\/comments?post=13"}],"version-history":[{"count":33,"href":"https:\/\/www.coeurlumiere.fr\/wordpress\/wp-json\/wp\/v2\/pages\/13\/revisions"}],"predecessor-version":[{"id":1049,"href":"https:\/\/www.coeurlumiere.fr\/wordpress\/wp-json\/wp\/v2\/pages\/13\/revisions\/1049"}],"wp:attachment":[{"href":"https:\/\/www.coeurlumiere.fr\/wordpress\/wp-json\/wp\/v2\/media?parent=13"}],"curies":[{"name":"wp","href":"https:\/\/api.w.org\/{rel}","templated":true}]}}